+ 7*q**2 + 7*q + 9. Let k be x(-6). Let g be k + 2 + (-2)/2. What are the prime factors of g*(-1 + 2)*2?
2
Suppose 2*z - 78 = 80. List the prime factors of z.
79
Let l = 102 - 46. What are the prime factors of l?
2, 7
Suppose 0*i + 12 = 4*i. Suppose r = -0*r, 2*k = -i*r + 2. Let n = k - -2. List the prime factors of n.
3
Let g = 0 + 1. Let s = 5 - g. Suppose s*b - 5 = 43. What are the prime factors of b?
2, 3
Let v = 56 + -23. List the prime factors of 913/v + (-2)/(-6).
2, 7
Let l(k) = -k**3 + 3*k + 1. Let y be l(-2). Suppose s = -y*c - 2*c - 11, s + 4*c = -9. List the prime factors of (0 + s)*(0 - 9).
3
Let h be (-90)/(-5) - (0 - -1). Let l = -9 + h. List the prime factors of l.
2
Suppose -q + 5*y - 19 = 0, -2*q + 2*y - 5*y + 27 = 0. List the prime factors of q.
2, 3
Let r(w) = w**3 + 9*w**2 + 2*w - 6. Suppose -3*p = -p + 16. What are the prime factors of r(p)?
2, 3, 7
Let v(n) = -2*n - 4. Let s(b) = -b - 5. Let m(r) = 4*s(r) - 3*v(r). Let p be 2 + (-5)/(-2)*2. What are the prime factors of m(p)?
2, 3
Let q(h) = -h**2 + 8*h - 5. Let c be q(6). Suppose c*n - 4*n - 9 = 0. Suppose -n*r = -5*r + 12. List the prime factors of r.
2, 3
Let f be 2/(-4)*(11 + -5). Let r(w) = -w - 3. Let u be r(f). Suppose 0 = -4*v + g + 15, u*g = -3*v - g + 13. What are the prime factors of v?
2
Suppose 3*u + 21 = -3*l, 2*u + l = 3*u - 3. Let f be (2/(-4) + 0)*-2. What are the prime factors of (10/u)/(f/(-1))?
5
Let a be 4/(-2 + 14/8). Let u be a/6 + 2/3. Let x = u - -8. What are the prime factors of x?
2, 3
Let k = 14 - 8. List the prime factors of 50/8 + k/(-24).
2, 3
Suppose -4*z + 0*z = 2*h - 434, 3*z + 4*h = 328. What are the prime factors of z?
2, 3
Let x = 540 + -252. What are the prime factors of x?
2, 3
Let f(d) = d**2 + 9*d - 17. List the prime factors of f(-13).
5, 7
Let w(k) = -k**2 - 4*k. Let q be w(-3). Suppose 0*a + 6 = q*a. Suppose -a*f - 42 = -5*f. List the prime factors of f.
2, 7
Let u be (-3 + 1)/(5/10). Let j = u + 22. Suppose 4*o = j + 14. List the prime factors of o.
2
Let w(k) = k**3 + 4*k**2 - 4*k + 4. Let f be w(-5). Let s be f/((-3)/24) + 1. Suppose -i + 1 = -s. What are the prime factors of i?
2, 5
Let a be ((-6)/5)/((-2)/10). Let i = a + -2. Suppose -v - 30 = -i*v. List the prime factors of v.
2, 5
Let s be 1 + 1 - (-5 + 3). Suppose 3*u = -0*c - 3*c + 102, -3*u = -c + 22. Suppose s*q = -11 + c. What are the prime factors of q?
5
Let m(q) be the first derivative of q**4/4 - q**3/3 + 9*q - 3. What are the prime factors of m(0)?
3
Suppose 6*w = 2*w + 104. List the prime factors of w.
2, 13
Let g(n) be the third derivative of n**4/24 + n**3 - n**2. Let c be g(0). Suppose p + u = c, -6 = -p + 5*u + 6. List the prime factors of p.
7
Let z = 10 + -7. Let c be 0/(z/((-3)/1)). Suppose 5*m - 5*o - 24 = -3*o, 3*m - 3*o - 18 = c. What are the prime factors of m?
2
Let z(b) = -2*b**2 - b - 3. Let i(y) = y**2 - y + 1. Let m(x) = 3*i(x) + z(x). List the prime factors of m(5).
5
Let s(q) = 3*q. Let p be ((-9)/6 - -3)*2. What are the prime factors of s(p)?
3
Let u = -59 + 113. What are the prime factors of u/30*(4 - -1)?
3
Suppose -a = 5*k + 4*a - 380, -410 = -5*k + 5*a. List the prime factors of k.
79
Let o(n) = -n**3 - 4*n**2 + 8*n + 7. Let l be o(-5). Let s = l - -14. List the prime factors of s.
2, 3
Let n be (-7)/(-21) - 56/6. What are the prime factors of (5/4)/(n/(-108))?
3, 5
Let u be (-1)/((-3)/144*1). List the prime factors of (u/(-14))/((-1)/7).
2, 3
Let n be 1/(-2)*0/2. Let t be (1/(-1)*n)/(-3). What are the prime factors of t + 9 - (4 - 2)?
7
Suppose 194 = 5*q - 101. What are the prime factors of q?
59
Let y be 2/(1/1 - -1). Suppose -3*g - k = -10, 2*k - y = 1. What are the prime factors of g?
3
Suppose 3*a - 2*j - 768 = -5*j, 5*a + 2*j - 1295 = 0. List the prime factors of a.
3, 29
Suppose 3*g + 15 - 120 = 0. List the prime factors of g.
5, 7
Let b = 30 - -32. List the prime factors of b.
2, 31
Suppose 0 = -n + b - 1, -2*n + 5*b = -2 + 16. List the prime factors of n/(-3) - (-2 - 11).
2, 3
Suppose 0 = 5*x - 2*i - 206, -5*x + i + 207 = -1. Suppose -4*h + 94 = -4*q - x, 3*h - 2*q - 102 = 0. What are the prime factors of h?
2, 17
Suppose 0*m + 2*m - 14 = 0. Let h(z) = m + z**2 + z + 6*z - 2*z**2. List the prime factors of h(7).
7
Let m(o) = -3*o + 4. Let g be m(3). What are the prime factors of ((-3)/15 + -3)*g?
2
Let q(w) = -w**2 - 5*w - 3. Let s be q(-6). Let m(r) = 11*r + 2 + 7*r + 7*r - 26*r. List the prime factors of m(s).
11
Let d = -2 - 1. Let z = d - -7. Suppose -4*n + 32 + 16 = -g, 17 = 3*n + z*g. What are the prime factors of n?
11
Suppose -2*n = 18 - 6. Let t(a) = 2*a**3 - 10*a**2 - 6*a - 7. Let j(w) = w**3 - 9*w**2 - 6*w - 6. Let q(y) = -3*j(y) + 2*t(y). List the prime factors of q(n).
2
List the prime factors of 16/(-56) - (-562)/7.
2, 5
Let c(w) = -2*w + 4 - 2*w + 3*w. Let z be c(-3). Suppose z = 4*f - 5. List the prime factors of f.
3
Let n = -5 - -5. Suppose n*t - 57 = -3*t. List the prime factors of t.
19
Suppose 0 = d - 1 - 4. Suppose 0 = -n - 2, d*c + 2*n - 69 = -n. What are the prime factors of c?
3, 5
Let o = 161 - 57. What are the prime factors of o?
2, 13
Let a = 201 - 84. What are the prime factors of a?
3, 13
Let y(c) = c + 30. List the prime factors of y(14).
2, 11
Suppose 6*f = 3*k + f + 34, -3*k = -f + 50. Let v(c) = c**2 + 14*c - 25. List the prime factors of v(k).
47
Suppose 5*a - 4*p - 120 = 0, 0 = 3*a - 0*a - 5*p - 72. Suppose 0 = d + 3*d + a. List the prime factors of (-106)/d + (-10)/15.
17
Let c = -5 + 7. Let z = 3 + c. What are the prime factors of z?
5
Let o(k) = k**3 + 5*k**2 + 5*k + 2. Let p be o(-4). Let q be 0*(2 + 3/p). List the prime factors of (-10)/(-15)*(18 + q).
2, 3
Let x(o) = 9*o - 4. Let g be x(4). Suppose -5*q + q + g = 0. What are the prime factors of q?
2
Let n be 52/14 + 4/14. Suppose 2 - 10 = -n*i. Suppose 0 = -4*s + 2*r + 38, 2*s - 22 + 6 = -i*r. List the prime factors of s.
3
Suppose 7*n - 4*n - 2*m - 103 = 0, 0 = m - 1. What are the prime factors of n?
5, 7
Let w be (72/(-20) + 3)*-5. Let a(j) be the first derivative of 2*j**3/3 - j**2/2 + j + 1. List the prime factors of a(w).
2
Suppose -4*v = -3*p + 11 + 28, -2*v - p - 27 = 0. What are the prime factors of (3/v)/((-7)/1148)?
41
Let a = 18 - -14. List the prime factors of a.
2
Suppose 5*p - 359 = -2*u, -2*p - u = -p - 70. List the prime factors of p.
73
Suppose 20 = -0*r + 5*r. Let n(h) = -r*h**3 - h - 3*h**2 + 2*h**3 + h**3 + 4. List the prime factors of n(-3).
7
Let d = 46 + -27. What are the prime factors of d?
19
Suppose 68 = -3*g - 2*j, 6*g + j = 2*g - 99. What are the prime factors of -1*g/((-1)/(-1))?
2, 13
Let f be 1 + 38/1 + 3. Suppose -4*s - 152 = d - 5*d, 3*s - f = -d. List the prime factors of d.
3, 13
Let c = -11 - -37. Suppose 2*x = 10, -n + c = -x - 16. List the prime factors of n.
47
Let f(h) be the second derivative of h**4/12 - 7*h**3/6 + 2*h**2 + 6*h. What are the prime factors of f(10)?
2, 17
Let u(b) = b + 5. Let i be u(0). Suppose 105 = i*l - 4*z - 0*z, 5*l + 5*z = 105. Let v = l - 5. List the prime factors of v.
2
Let l(k) = k**3 - 8*k**2 + 6*k + 4. Let b be l(7). Let q = b + 7. What are the prime factors of q?
2
List the prime factors of 1502/12 - 1 - (-23)/(-138).
2, 31
Suppose 0 = -l - 9*l + 230. List the prime factors of l.
23
Let t(z) = z**3 - z**2 + 11. Let s(m) = m + 3. Let j be s(-4). Let g be 0*(-3 + (-2)/j). List the prime factors of t(g).
11
Let w(k) = 3*k + 4 + k + 0. Let b be w(4). Suppose -b = 4*y - 6*y. List the prime factors of y.
2, 5
Let z be (-18)/4*20/(-15). Let n = 40 - z. What are the prime factors of n?
2, 17
Let a(u) be the second derivative of -2*u**3/3 - 3*u**2 + u. Suppose -23 + 7 = 4*r. What are the prime factors of a(r)?
2, 5
Let r = 1 - -3. Let t = 9 - r. Suppose -5*k - 20 = 0, -5*h + t*k + 0*k + 35 = 0. List the prime factors of h.
3
Let a(k) = k**3 + 4*k**2 - 5*k. Let o be a(-5). Let f(l) = 3*l - 1. Let n be f(4). Suppose 5*z - 4*z - n = o. List the prime factors of z.
11
Let g be -12*(-5)/((-45)/6). What are the prime factors of -40*(-1 - 4/g)?
2, 5
Let x = 155 - -7. What are the prime factors of x?
2, 3
Let a(o) be the second derivative of -o**4/12 + 7*o**3/6 + 2*o**2 - 2*o. What are the prime factors of a(7)?
2
Let o(n) be the third derivative of -n**6/120 - n**5/30 - n**4/2